or of 84894790?
False
Is 261764496 a multiple of 1116?
True
Is 57 a factor of 29856167?
False
Is 2119 a factor of 51528516?
False
Is 941155470 a multiple of 90?
True
Is 2704 a factor of 196668662?
False
Does 144 divide 7479072?
True
Is 14322 a factor of 3598155149?
False
Is 68165552 a multiple of 109?
False
Is 906 a factor of 7668384?
True
Does 72 divide 1295118211?
False
Does 36 divide 144323820?
True
Is 5 a factor of 27881298?
False
Is 72 a factor of 2986154453?
False
Does 67 divide 788676966?
True
Does 208 divide 83747664?
True
Is 111199276 a multiple of 720?
False
Does 5629 divide 1855516934?
False
Is 2072 a factor of 24437168?
True
Does 72 divide 3518640?
True
Is 65018073 a multiple of 2899?
False
Does 23 divide 354078930?
False
Is 6684598851 a multiple of 18507?
True
Is 72 a factor of 201100464?
True
Does 2567 divide 647458497?
False
Is 512 a factor of 3846678?
False
Is 268 a factor of 97482856?
True
Is 504121557 a multiple of 5?
False
Does 48 divide 564774?
False
Does 62 divide 554678328?
False
Is 119 a factor of 128133607?
True
Does 5 divide 68450277?
False
Does 238 divide 4680508?
True
Does 17 divide 90338696?
False
Is 3400040060 a multiple of 1937?
False
Is 1445 a factor of 55293305?
False
Does 152 divide 362263576?
True
Is 9396720 a multiple of 49?
False
Is 2029 a factor of 325546963?
True
Does 3260 divide 588469120?
True
Is 221623235 a multiple of 381?
False
Is 191074296 a multiple of 168?
True
Is 16 a factor of 503092112?
True
Does 2111 divide 235012243?
False
Is 252 a factor of 3384672984?
True
Is 11468212 a multiple of 23?
False
Is 56482868 a multiple of 52?
True
Is 1868 a factor of 1590540356?
True
Is 1081602148 a multiple of 239?
True
Does 91 divide 520603500?
False
Is 44685338 a multiple of 908?
False
Is 12 a factor of 68525963?
False
Is 3 a factor of 13978467?
True
Is 115 a factor of 265315600?
False
Does 1497 divide 281880609?
True
Is 9 a factor of 112979834?
False
Is 243081909 a multiple of 3573?
True
Is 105784347 a multiple of 58?
False
Is 76 a factor of 48499096?
True
Is 72274106 a multiple of 5?
False
Is 75 a factor of 19258720?
False
Is 29 a factor of 4529075?
True
Is 12 a factor of 659235?
False
Is 203 a factor of 184081009?
True
Is 14417334 a multiple of 1203?
False
Is 17 a factor of 118359950?
True
Is 32 a factor of 59590281?
False
Does 7 divide 3244618?
False
Does 42 divide 666372?
True
Is 16082961 a multiple of 5?
False
Is 17 a factor of 202686869?
True
Is 1415 a factor of 16166963?
False
Does 1348 divide 757086?
False
Is 27 a factor of 904383481?
False
Is 170156658 a multiple of 9?
False
Is 27803340 a multiple of 20?
True
Is 3537593761 a multiple of 13?
True
Is 32580890 a multiple of 280?
False
Is 334858797 a multiple of 49?
True
Is 1509563998 a multiple of 35?
False
Is 188718837 a multiple of 141?
False
Does 170 divide 2164188718?
False
Is 91049 a multiple of 26?
False
Is 57 a factor of 313729653?
True
Does 3 divide 625795?
False
Is 22529551 a multiple of 13?
False
Is 64573274 a multiple of 17?
False
Is 1307502845 a multiple of 1537?
True
Is 1163 a factor of 146412396?
True
Does 15 divide 43835835?
True
Is 312831450 a multiple of 43?
True
Is 2169 a factor of 721076118?
False
Is 918827050 a multiple of 850?
True
Does 14 divide 12396034?
True
Does 696 divide 1808586608?
False
Does 51 divide 74976375?
True
Does 3353 divide 277279688?
True
Is 1299173516 a multiple of 662?
False
Does 399 divide 838178103?
True
Is 9927452 a multiple of 3?
False
Is 220 a factor of 363710202?
False
Is 540702535 a multiple of 5?
True
Is 9122720 a multiple of 368?
True
Is 684 a factor of 5601960?
True
Is 47 a factor of 21892627?
False
Is 8 a factor of 4572531?
False
Does 8 divide 132814336?
True
Is 103 a factor of 41146131?
True
Is 995052766 a multiple of 71?
False
Does 1662 divide 351107406?
False
Is 9 a factor of 349505883?
True
Is 50 a factor of 227362627?
False
Does 11 divide 17434876?
False
Is 1580 a factor of 32352072?
False
Is 78892786 a multiple of 142?
True
Does 77 divide 24915750?
False
Is 4315 a factor of 1148716401?
False
Does 2684 divide 214325452?
True
Is 1874794768 a multiple of 2024?
True
Is 1264029019 a multiple of 11?
True
Does 1590 divide 51722700?
True
Is 352315591 a multiple of 470?
False
Does 233 divide 316263249?
True
Is 660777350 a multiple of 127?
False
Is 72251440 a multiple of 40?
True
Is 129 a factor of 210052893?
True
Does 4 divide 5637280?
True
Is 7017112 a multiple of 10?
False
Is 114340060 a multiple of 120?
False
Is 505 a factor of 145549672?
False
Is 100 a factor of 99039800?
True
Does 110 divide 53091856?
False
Is 376 a factor of 801908351?
False
Does 70 divide 159057275?
False
Does 22 divide 357276389?
False
Is 1067 a factor of 148547491?
False
Is 18 a factor of 16890874?
False
Is 266788800 a multiple of 955?
True
Is 985 a factor of 42286881?
False
Is 82192709 a multiple of 28?
False
Is 100811264 a multiple of 38?
True
Is 14 a factor of 29624?
True
Does 179 divide 14839458?
True
Does 258 divide 6488958?
True
Is 187078599 a multiple of 47?
False
Does 1113 divide 12699330?
True
Is 375917494 a multiple of 5171?
False
Is 5549 a factor of 4998960924?
True
Does 288 divide 192889986?
False
Is 115 a factor of 863772130?
True
Is 7708110 a multiple of 114?
True
Does 104 divide 3593057832?
True
Is 297 a factor of 4582480?
False
Does 15 divide 4553211615?
True
Is 3101280 a multiple of 48?
True
Is 9336513 a multiple of 21?
False
Is 3 a factor of 5491527?
True
Is 1696947870 a multiple of 2570?
True
Is 13 a factor of 476729399?
False
Is 17217523 a multiple of 45?
False
Is 6 a factor of 75940466?
False
Is 17 a factor of 53973606?
True
Is 21692397 a multiple of 42?
False
Does 1318 divide 38435220?
False
Is 72 a factor of 5218429?
False
Does 224 divide 204019648?
True
Does 12 divide 3234233340?
True
Is 7572696 a multiple of 8?
True
Is 77 a factor of 20811406?
True
Does 7 divide 4143514?
False
Does 32 divide 75861792?
True
Is 20341683 a multiple of 69?
True
Is 3435443939 a multiple of 151?
False
Is 14 a factor of 531188?
True
Is 143 a factor of 54753270?
True
Is 61 a factor of 1439176066?
False
Is 6902328 a multiple of 4?
True
Is 23582403 a multiple of 53?
True
Is 677702759 a multiple of 106?
False
Is 16915533 a multiple of 1377?
False
Does 3 divide 91122651?
True
Is 95323362 a multiple of 7?
False
Is 357310434 a multiple of 3?
True
Is 23182021 a multiple of 783?
False
Is 1044236907 a multiple of 95?
False
Is 120948046 a multiple of 32?
False
Is 511001064 a multiple of 28?
True
Is 4990983 a multiple of 939?
False
Is 32 a factor of 853453504?
True
Is 884 a factor of 2016280436?
False
Is 28438752 a multiple of 12?
True
Is 207228996 a multiple of 618?
True
Does 152 divide 82042152?
True
Does 42 divide 57459544?
False
Does 134 divide 106546826?
False
Does 7 divide 1706538183?
True
Is 65935925 a multiple of 57?
False
Does 1962 divide 87705324?
True
Is 403 a factor of 27355640?
True
Does 24 divide 21465912?
True
Is 114746909 a multiple of 89?
False
Is 15 a factor of 497673795?
True
Is 6245981 a multiple of 49?
True
Is 41535410 a multiple of 1246?
True
Does 263 divide 60260262?
False
Is 757 a factor of 1294497209?
False
Is 40 a factor of 38776840?
True
Is 17 a factor of 135871993?
False
Does 1772 divide 341127326?
False
Is 2943 a factor of 1146957732?
True
Is 149855834 a multiple of 1332?
False
Is 111009154 a multiple of 1121?
False
Is 289090311 a multiple of 5?
False
Is 30 a factor of 126678299?
False
Is 1837 a factor of 89774190?
True
Is 348241696 a multiple of 22?
True
Does 1449 divide 963175887?
False
Does 13 divide 123369517?
False
Does 2430 divide 2455106760?
True
Does 493 divide 42421409?
False
Does 3 divide 30563295?
True
Does 16 divide 3565194?
False
Is 409265415 a multiple of 45?
True
Does 72 divide 84634776?
True
Is 4871 a factor of 479449315?
False
Is 1797719 a multiple of 37?
True
Is 12 a factor of 981847440?
True
Is 64 a factor of 5302589729?
False
Does 50 divide 6942350?
True
Does 1549 divide 103935710?
False
Is 47 a factor of 14209592?
False
Is 44998470 a multiple of 10?
True
Is 11 a factor of 241955197?
True
Does 875 divide 54126638?
False
Is 28 a factor of 86320614?
False
Does 372 divide 27944640?
True
Does 2 divide 2018848?
True
Is 12973 a factor of 912086279?
False
Is 17 a factor of 138127839?
True
Is 10